{"id":14,"date":"2021-07-26T09:51:35","date_gmt":"2021-07-26T09:51:35","guid":{"rendered":"http:\/\/luisitareina.com\/?page_id=14"},"modified":"2021-08-05T09:05:02","modified_gmt":"2021-08-05T09:05:02","slug":"quien-soy","status":"publish","type":"page","link":"https:\/\/luisitareina.com\/index.php\/quien-soy\/","title":{"rendered":"\u00bfQui\u00e9n soy?"},"content":{"rendered":"<p>[et_pb_section fb_built=\u00bb1&#8243; admin_label=\u00bbHeader\u00bb _builder_version=\u00bb4.9.10&#8243; background_color=\u00bb#c21451&#8243; use_background_color_gradient=\u00bbon\u00bb background_color_gradient_start=\u00bb#ffffff\u00bb background_color_gradient_end=\u00bbrgba(0,0,0,0)\u00bb background_color_gradient_direction=\u00bb90deg\u00bb background_color_gradient_start_position=\u00bb75%\u00bb background_color_gradient_end_position=\u00bb75%\u00bb background_image=\u00bbhttp:\/\/luisitareina.com\/wp-content\/uploads\/2021\/07\/Painter-artist-31.png\u00bb background_position=\u00bbcenter_right\u00bb custom_padding=\u00bb||0px|||\u00bb background_last_edited=\u00bbon|phone\u00bb background_color_gradient_start_position_tablet=\u00bb55%\u00bb background_color_gradient_start_position_phone=\u00bb35%\u00bb background_color_gradient_end_position_tablet=\u00bb55%\u00bb background_color_gradient_end_position_phone=\u00bb35%\u00bb box_shadow_style=\u00bbpreset7&#8243; box_shadow_horizontal=\u00bb0px\u00bb box_shadow_vertical=\u00bb0px\u00bb box_shadow_color=\u00bb#ffffff\u00bb box_shadow_vertical_tablet=\u00bb-80vh\u00bb box_shadow_vertical_phone=\u00bb-90vh\u00bb box_shadow_vertical_last_edited=\u00bbon|phone\u00bb][et_pb_row column_structure=\u00bb1_2,1_2&#8243; _builder_version=\u00bb4.4.9&#8243;][et_pb_column type=\u00bb1_2&#8243; _builder_version=\u00bb4.4.9&#8243; z_index=\u00bb10&#8243;][et_pb_text _builder_version=\u00bb4.9.10&#8243; header_font=\u00bbMontserrat|800||on|||||\u00bb header_text_color=\u00bb#000000&#8243; header_font_size=\u00bb8vw\u00bb header_line_height=\u00bb1.2em\u00bb custom_margin=\u00bb|-22vw|||false|false\u00bb custom_margin_tablet=\u00bb|0vw|||false|false\u00bb custom_margin_phone=\u00bb\u00bb custom_margin_last_edited=\u00bbon|phone\u00bb locked=\u00bboff\u00bb]<\/p>\n<h1>Sobre<br \/>Mi<\/h1>\n<p>[\/et_pb_text][et_pb_text _builder_version=\u00bb4.9.10&#8243; text_font=\u00bbBahiana||||||||\u00bb text_text_color=\u00bb#000000&#8243; text_font_size=\u00bb34px\u00bb text_line_height=\u00bb1.8em\u00bb max_width=\u00bb400px\u00bb text_font_size_tablet=\u00bb18px\u00bb text_font_size_phone=\u00bb33px\u00bb text_font_size_last_edited=\u00bbon|phone\u00bb locked=\u00bboff\u00bb]<\/p>\n<p>Me chifla el dise\u00f1o gr\u00e1fico y el teatro, puedo pegarme horas filosofando con mis hermanas de la logia y leyendo Rayuela palante y patr\u00e1s.<br \/>adem\u00e1s de eso, conozco todos los misterios del marketing, del turismo y del mejor plato de lentejas.<br \/>El mejor viaje siempre es hacia dentro de mi chaveta, \u00a1gracias Xuan Lan!. Adoro el verdejo, Love of Lesbian y Pink Floyd.<\/p>\n<p>[\/et_pb_text][\/et_pb_column][et_pb_column type=\u00bb1_2&#8243; _builder_version=\u00bb4.4.9&#8243;][et_pb_image src=\u00bbhttp:\/\/luisitareina.com\/wp-content\/uploads\/2021\/08\/WhatsApp-Image-2021-08-05-at-00.51.41-12.jpeg\u00bb title_text=\u00bbWhatsApp Image 2021-08-05 at 00.51.41-12&#8243; _builder_version=\u00bb4.9.10&#8243; locked=\u00bboff\u00bb][\/et_pb_image][\/et_pb_column][\/et_pb_row][et_pb_row column_structure=\u00bb1_3,1_3,1_3&#8243; _builder_version=\u00bb4.4.9&#8243; custom_padding=\u00bb||0px|||\u00bb][et_pb_column type=\u00bb1_3&#8243; _builder_version=\u00bb4.4.9&#8243;][\/et_pb_column][et_pb_column type=\u00bb1_3&#8243; _builder_version=\u00bb4.4.9&#8243;][\/et_pb_column][et_pb_column type=\u00bb1_3&#8243; _builder_version=\u00bb4.4.9&#8243;][et_pb_text _builder_version=\u00bb4.9.10&#8243; _dynamic_attributes=\u00bbcontent,link_option_url\u00bb text_font=\u00bbBahiana||||||||\u00bb text_font_size=\u00bb26px\u00bb text_letter_spacing=\u00bb6px\u00bb text_line_height=\u00bb1.9em\u00bb link_font=\u00bbMerriweather||||||||\u00bb link_text_color=\u00bb#ffffff\u00bb link_font_size=\u00bb32px\u00bb link_line_height=\u00bb1.4em\u00bb header_font_size=\u00bb55px\u00bb header_letter_spacing=\u00bb22px\u00bb header_5_font=\u00bbMerriweather||||||||\u00bb header_5_font_size=\u00bb36px\u00bb header_6_font=\u00bb|700||on|||||\u00bb header_6_font_size=\u00bb12px\u00bb header_6_letter_spacing=\u00bb2px\u00bb header_6_line_height=\u00bb1.2em\u00bb background_color=\u00bb#c21451&#8243; text_orientation=\u00bbright\u00bb background_layout=\u00bbdark\u00bb max_width=\u00bb300px\u00bb max_width_tablet=\u00bb100%\u00bb max_width_phone=\u00bb\u00bb max_width_last_edited=\u00bbon|phone\u00bb module_alignment=\u00bbright\u00bb custom_margin=\u00bb-240px||||false|false\u00bb custom_margin_tablet=\u00bb0px||||false|false\u00bb custom_margin_phone=\u00bb||||false|false\u00bb custom_margin_last_edited=\u00bbon|phone\u00bb custom_padding=\u00bb270px|30px|20px|30px|false|true\u00bb custom_padding_tablet=\u00bb80px||||false|true\u00bb custom_padding_phone=\u00bb\u00bb custom_padding_last_edited=\u00bbon|phone\u00bb link_option_url=\u00bb@ET-DC@eyJkeW5hbWljIjp0cnVlLCJjb250ZW50IjoicG9zdF9saW5rX3VybF9wYWdlIiwic2V0dGluZ3MiOnsicG9zdF9pZCI6IjE1In19@\u00bb header_5_font_size_tablet=\u00bb30px\u00bb header_5_font_size_phone=\u00bb26px\u00bb header_5_font_size_last_edited=\u00bbon|phone\u00bb locked=\u00bboff\u00bb]@ET-DC@eyJkeW5hbWljIjp0cnVlLCJjb250ZW50IjoicG9zdF9saW5rIiwic2V0dGluZ3MiOnsiYmVmb3JlIjoiIiwiYWZ0ZXIiOiIiLCJ0ZXh0IjoicG9zdF90aXRsZSIsImN1c3RvbV90ZXh0IjoiIn19@[\/et_pb_text][\/et_pb_column][\/et_pb_row][\/et_pb_section][et_pb_section fb_built=\u00bb1&#8243; admin_label=\u00bbCV\u00bb _builder_version=\u00bb4.4.9&#8243;][et_pb_row _builder_version=\u00bb4.4.9&#8243; width=\u00bb100%\u00bb max_width=\u00bb100%\u00bb][et_pb_column type=\u00bb4_4&#8243; _builder_version=\u00bb4.4.9&#8243;][et_pb_divider color=\u00bb#000000&#8243; divider_weight=\u00bb6px\u00bb _builder_version=\u00bb4.4.9&#8243; width=\u00bb90%\u00bb width_tablet=\u00bb80%\u00bb width_phone=\u00bb\u00bb width_last_edited=\u00bbon|phone\u00bb module_alignment=\u00bbcenter\u00bb][\/et_pb_divider][\/et_pb_column][\/et_pb_row][et_pb_row _builder_version=\u00bb4.4.9&#8243;][et_pb_column type=\u00bb4_4&#8243; _builder_version=\u00bb4.4.9&#8243;][et_pb_text _builder_version=\u00bb4.9.10&#8243; header_2_font=\u00bbMerriweather||||||||\u00bb header_2_text_color=\u00bb#000000&#8243; header_2_font_size=\u00bb76px\u00bb header_2_line_height=\u00bb1.2em\u00bb text_orientation=\u00bbcenter\u00bb header_2_font_size_tablet=\u00bb40px\u00bb header_2_font_size_phone=\u00bb35px\u00bb header_2_font_size_last_edited=\u00bbon|phone\u00bb locked=\u00bboff\u00bb]<\/p>\n<h2>La inspiraci\u00f3n de<\/h2>\n<h2>Luisita Reina<\/h2>\n<p>[\/et_pb_text][\/et_pb_column][\/et_pb_row][et_pb_row column_structure=\u00bb1_2,1_2&#8243; _builder_version=\u00bb4.4.9&#8243;][et_pb_column type=\u00bb1_2&#8243; _builder_version=\u00bb4.4.9&#8243;][et_pb_text _builder_version=\u00bb4.9.10&#8243; text_font=\u00bbMerriweather||||||||\u00bb text_text_color=\u00bb#000000&#8243; text_font_size=\u00bb26px\u00bb text_line_height=\u00bb1.8em\u00bb max_width=\u00bb400px\u00bb text_font_size_tablet=\u00bb18px\u00bb text_font_size_phone=\u00bb16px\u00bb text_font_size_last_edited=\u00bbon|phone\u00bb locked=\u00bboff\u00bb]<\/p>\n<p>Mi mayor inspiraci\u00f3n en la vida es mi Lela. Nadie como ella desprende arte por cada poro de su piel, mi Lela es la elegancia y el saber estar personificados.\u00a0<br \/>Mi Lela es poes\u00eda<\/p>\n<p>[\/et_pb_text][\/et_pb_column][et_pb_column type=\u00bb1_2&#8243; _builder_version=\u00bb4.4.9&#8243;][et_pb_text _builder_version=\u00bb4.9.10&#8243; text_font_size=\u00bb16px\u00bb text_line_height=\u00bb2.2em\u00bb locked=\u00bboff\u00bb]<\/p>\n<p>Adem\u00e1s de todos esos libros jodidos y bellos que a punto estuvieron de arruinar mi juventud, busco y rebusco hasta llegar a lo m\u00e1s hondo de mi alma en cada una de las facetas art\u00edsticas que me fascinan. Rayuela, The Dark Side of the Moon y Lasyra resumen de forma concreta el universo en el que puedo perderme hasta que suena el despertador que indica que&#8230; \u00a1Es hora de volver a la cruda realidad!<\/p>\n<p>Cuando hago yoga y medito viajo sin moverme de la esterilla, duermo como un lir\u00f3n, me da igual si es antes del amanecer, del atardercer o del a\u00f1ochecer, siempre MATO por una buena conversaci\u00f3n regada por espirituosos.<\/p>\n<p>Entre Gilmour y Waters, me quedo con&#8230; \u00a1La duda ofende!\u00a0<br \/>Santi Balmes ten\u00eda su punto, pero se ha convertido en un adolescente narcisista pat\u00e9tico y autoindulgente. Lhasa de Sela falleci\u00f3 demasiado pronto, Maya Angelou es una diosa a reivindicar y Bonnie Joe Campbell, la hermana mayor que nunca tuve.<\/p>\n<p>\u00a1Atr\u00e9vete a entrar en mi universo y no podr\u00e1s escapar! \u00a1Muajajaja!<\/p>\n<p>[\/et_pb_text][\/et_pb_column][\/et_pb_row][\/et_pb_section][et_pb_section fb_built=\u00bb1&#8243; admin_label=\u00bbFeatures\u00bb _builder_version=\u00bb4.4.9&#8243;][et_pb_row column_structure=\u00bb1_2,1_2&#8243; make_equal=\u00bbon\u00bb _builder_version=\u00bb4.9.10&#8243;][et_pb_column type=\u00bb1_2&#8243; _builder_version=\u00bb4.4.9&#8243;][et_pb_image src=\u00bbhttp:\/\/luisitareina.com\/wp-content\/uploads\/2021\/08\/WhatsApp-Image-2021-08-05-at-00.52.13.jpeg\u00bb title_text=\u00bbWhatsApp Image 2021-08-05 at 00.52.13&#8243; _builder_version=\u00bb4.9.10&#8243;][\/et_pb_image][\/et_pb_column][et_pb_column type=\u00bb1_2&#8243; _builder_version=\u00bb4.9.10&#8243; background_color=\u00bb#c21451&#8243; background_image=\u00bbhttp:\/\/luisitareina.com\/wp-content\/uploads\/2021\/07\/Painter-artist-44.png\u00bb background_position=\u00bbcenter_right\u00bb custom_padding=\u00bb60px|60px|60px|60px|true|true\u00bb custom_padding_tablet=\u00bb40px|40px|40px|40px|true|true\u00bb custom_padding_phone=\u00bb25px|25px|25px|25px|true|true\u00bb custom_padding_last_edited=\u00bbon|phone\u00bb][et_pb_text _builder_version=\u00bb4.9.10&#8243; header_2_font=\u00bbMontserrat|800||on|||||\u00bb header_2_text_color=\u00bb#000000&#8243; header_2_font_size=\u00bb80px\u00bb header_2_line_height=\u00bb1.2em\u00bb custom_margin=\u00bb|||-55%|false|false\u00bb custom_margin_tablet=\u00bb|||0%|false|false\u00bb custom_margin_phone=\u00bb\u00bb custom_margin_last_edited=\u00bbon|phone\u00bb header_2_font_size_tablet=\u00bb50px\u00bb header_2_font_size_phone=\u00bb36px\u00bb header_2_font_size_last_edited=\u00bbon|desktop\u00bb locked=\u00bboff\u00bb]<\/p>\n<h2 style=\"text-align: right;\">Mi<\/h2>\n<h2 style=\"text-align: right;\">trabajo<\/h2>\n<p>[\/et_pb_text][et_pb_text _builder_version=\u00bb4.9.10&#8243; text_font=\u00bb|700|||||||\u00bb text_text_color=\u00bb#000000&#8243; text_font_size=\u00bb16px\u00bb text_line_height=\u00bb2em\u00bb locked=\u00bboff\u00bb]<\/p>\n<p>Puedes ver algunos de mis trabajos en la revista ROCK I+D, en los artworks de artistas como Lasyra y Algunos Hombres o en el packaging de los mejores bocadillos a este lado de San Gregorio.<\/p>\n<p>[\/et_pb_text][et_pb_text _builder_version=\u00bb4.9.10&#8243; text_text_color=\u00bb#000000&#8243; text_font_size=\u00bb16px\u00bb text_line_height=\u00bb2.2em\u00bb locked=\u00bboff\u00bb]<\/p>\n<p>Y es que para Luisita no hay trabajo que no suponga un reto y un deleite, porque para m\u00ed todo es aprendizaje y crecimiento. No hay proyecto con el que est\u00e9 a punto de que se me vaya la olla hasta dejarlo fino fino filipino.<\/p>\n<p>[\/et_pb_text][et_pb_button button_url=\u00bb@ET-DC@eyJkeW5hbWljIjp0cnVlLCJjb250ZW50IjoicG9zdF9saW5rX3VybF9wYWdlIiwic2V0dGluZ3MiOnsicG9zdF9pZCI6IjI3In19@\u00bb url_new_window=\u00bbon\u00bb button_text=\u00bbLeer m\u00e1s&#8230;\u00bb button_alignment=\u00bbleft\u00bb _builder_version=\u00bb4.9.10&#8243; _dynamic_attributes=\u00bbbutton_url\u00bb custom_button=\u00bbon\u00bb button_text_size=\u00bb12px\u00bb button_text_color=\u00bb#000000&#8243; button_bg_color=\u00bbrgba(0,0,0,0)\u00bb button_border_width=\u00bb0px\u00bb button_border_radius=\u00bb0px\u00bb button_letter_spacing=\u00bb2px\u00bb button_font=\u00bb|700||on|||||\u00bb button_use_icon=\u00bboff\u00bb custom_padding=\u00bb0px|0px|0px|0px|true|true\u00bb locked=\u00bboff\u00bb][\/et_pb_button][\/et_pb_column][\/et_pb_row][\/et_pb_section][et_pb_section fb_built=\u00bb1&#8243; admin_label=\u00bbGallery\u00bb _builder_version=\u00bb4.4.9&#8243; overflow-x=\u00bbhidden\u00bb overflow-y=\u00bbhidden\u00bb][et_pb_row _builder_version=\u00bb4.5.7&#8243; max_width=\u00bbnone\u00bb][et_pb_column type=\u00bb4_4&#8243; _builder_version=\u00bb4.4.9&#8243;][et_pb_text _builder_version=\u00bb4.9.10&#8243; header_2_font=\u00bbMontserrat|800||on|||||\u00bb header_2_text_color=\u00bbrgba(0,0,0,0.1)\u00bb header_2_font_size=\u00bb12vw\u00bb header_2_line_height=\u00bb1.2em\u00bb z_index=\u00bb2&#8243; text_orientation=\u00bbcenter\u00bb custom_margin=\u00bb||||false|false\u00bb header_2_font_size_tablet=\u00bb100px\u00bb header_2_font_size_phone=\u00bb40px\u00bb header_2_font_size_last_edited=\u00bboff|desktop\u00bb locked=\u00bboff\u00bb]<\/p>\n<h2>TRABAJOS<\/h2>\n<p>[\/et_pb_text][\/et_pb_column][\/et_pb_row][et_pb_row column_structure=\u00bb1_5,1_5,1_5,1_5,1_5&#8243; use_custom_gutter=\u00bbon\u00bb gutter_width=\u00bb2&#8243; _builder_version=\u00bb4.5.7&#8243; z_index=\u00bb10&#8243; width=\u00bb90%\u00bb max_width=\u00bb1600px\u00bb custom_margin_tablet=\u00bb||0px||false|false\u00bb custom_margin_last_edited=\u00bboff|desktop\u00bb border_color_all=\u00bb#000000&#8243; border_width_top=\u00bb5px\u00bb border_width_bottom=\u00bb5px\u00bb locked=\u00bboff\u00bb][et_pb_column type=\u00bb1_5&#8243; _builder_version=\u00bb4.5.7&#8243;][et_pb_image src=\u00bbhttp:\/\/luisitareina.com\/wp-content\/uploads\/2021\/08\/WhatsApp-Image-2021-08-05-at-00.48.35-2-2.jpeg\u00bb title_text=\u00bbWhatsApp Image 2021-08-05 at 00.48.35-2&#8243; show_in_lightbox=\u00bbon\u00bb use_overlay=\u00bbon\u00bb overlay_icon_color=\u00bb#000000&#8243; _builder_version=\u00bb4.9.10&#8243; locked=\u00bboff\u00bb][\/et_pb_image][\/et_pb_column][et_pb_column type=\u00bb1_5&#8243; _builder_version=\u00bb4.4.9&#8243;][et_pb_image src=\u00bbhttp:\/\/luisitareina.com\/wp-content\/uploads\/2021\/08\/f6f33454972841.5970f4d0843d0.jpg\u00bb title_text=\u00bbf6f33454972841.5970f4d0843d0&#8243; show_in_lightbox=\u00bbon\u00bb use_overlay=\u00bbon\u00bb overlay_icon_color=\u00bb#000000&#8243; _builder_version=\u00bb4.9.10&#8243; locked=\u00bboff\u00bb][\/et_pb_image][\/et_pb_column][et_pb_column type=\u00bb1_5&#8243; _builder_version=\u00bb4.4.9&#8243;][et_pb_image src=\u00bbhttp:\/\/luisitareina.com\/wp-content\/uploads\/2021\/08\/9ff14355580067.598a6c2e8240a.jpg\u00bb title_text=\u00bb9ff14355580067.598a6c2e8240a\u00bb show_in_lightbox=\u00bbon\u00bb use_overlay=\u00bbon\u00bb overlay_icon_color=\u00bb#000000&#8243; _builder_version=\u00bb4.9.10&#8243; locked=\u00bboff\u00bb][\/et_pb_image][\/et_pb_column][et_pb_column type=\u00bb1_5&#8243; _builder_version=\u00bb4.4.9&#8243;][et_pb_image src=\u00bbhttp:\/\/luisitareina.com\/wp-content\/uploads\/2021\/08\/882eb993264893.5e60167f5fafd.png\u00bb title_text=\u00bb882eb993264893.5e60167f5fafd\u00bb show_in_lightbox=\u00bbon\u00bb use_overlay=\u00bbon\u00bb overlay_icon_color=\u00bb#000000&#8243; _builder_version=\u00bb4.9.10&#8243; locked=\u00bboff\u00bb][\/et_pb_image][\/et_pb_column][et_pb_column type=\u00bb1_5&#8243; _builder_version=\u00bb4.4.9&#8243;][et_pb_image src=\u00bbhttp:\/\/luisitareina.com\/wp-content\/uploads\/2021\/08\/8bb42c72979613.5bfa9bbe567e7.jpg\u00bb title_text=\u00bb8bb42c72979613.5bfa9bbe567e7&#8243; show_in_lightbox=\u00bbon\u00bb use_overlay=\u00bbon\u00bb overlay_icon_color=\u00bb#000000&#8243; _builder_version=\u00bb4.9.10&#8243; locked=\u00bboff\u00bb][\/et_pb_image][\/et_pb_column][\/et_pb_row][et_pb_row _builder_version=\u00bb4.5.7&#8243; _module_preset=\u00bbdefault\u00bb][et_pb_column type=\u00bb4_4&#8243; _builder_version=\u00bb4.5.7&#8243; _module_preset=\u00bbdefault\u00bb][et_pb_button button_url=\u00bb@ET-DC@eyJkeW5hbWljIjp0cnVlLCJjb250ZW50IjoicG9zdF9saW5rX3VybF9wYWdlIiwic2V0dGluZ3MiOnsicG9zdF9pZCI6IjE1In19@\u00bb button_text=\u00bbPORTAFOLIO\u00bb button_alignment=\u00bbcenter\u00bb _builder_version=\u00bb4.9.10&#8243; _dynamic_attributes=\u00bbbutton_url\u00bb _module_preset=\u00bbdefault\u00bb custom_button=\u00bbon\u00bb button_text_size=\u00bb12px\u00bb button_text_color=\u00bb#ffffff\u00bb button_bg_color=\u00bb#c21451&#8243; button_border_width=\u00bb0px\u00bb button_border_radius=\u00bb0px\u00bb button_letter_spacing=\u00bb2px\u00bb button_font=\u00bb|700||on|||||\u00bb custom_padding=\u00bb18px|40px|18px|40px|true|true\u00bb][\/et_pb_button][\/et_pb_column][\/et_pb_row][\/et_pb_section]<\/p>\n","protected":false},"excerpt":{"rendered":"<p>SobreMiMe chifla el dise\u00f1o gr\u00e1fico y el teatro, puedo pegarme horas filosofando con mis hermanas de la logia y leyendo Rayuela palante y patr\u00e1s.adem\u00e1s de eso, conozco todos los misterios del marketing, del turismo y del mejor plato de lentejas.El mejor viaje siempre es hacia dentro de mi chaveta, \u00a1gracias Xuan Lan!. Adoro el verdejo, [&hellip;]<\/p>\n","protected":false},"author":1,"featured_media":0,"parent":0,"menu_order":0,"comment_status":"closed","ping_status":"closed","template":"","meta":{"_et_pb_use_builder":"on","_et_pb_old_content":"","_et_gb_content_width":"","_monsterinsights_skip_tracking":false,"_monsterinsights_sitenote_active":false,"_monsterinsights_sitenote_note":"","_monsterinsights_sitenote_category":0,"footnotes":""},"class_list":["post-14","page","type-page","status-publish","hentry"],"yoast_head":"<!-- This site is optimized with the Yoast SEO plugin v27.4 - https:\/\/yoast.com\/product\/yoast-seo-wordpress\/ -->\n<title>\u00bfQui\u00e9n soy? - luisitareina.com<\/title>\n<meta name=\"robots\" content=\"index, follow, max-snippet:-1, max-image-preview:large, max-video-preview:-1\" \/>\n<link rel=\"canonical\" href=\"https:\/\/luisitareina.com\/index.php\/quien-soy\/\" \/>\n<meta property=\"og:locale\" content=\"es_ES\" \/>\n<meta property=\"og:type\" content=\"article\" \/>\n<meta property=\"og:title\" content=\"\u00bfQui\u00e9n soy? - luisitareina.com\" \/>\n<meta property=\"og:description\" content=\"SobreMiMe chifla el dise\u00f1o gr\u00e1fico y el teatro, puedo pegarme horas filosofando con mis hermanas de la logia y leyendo Rayuela palante y patr\u00e1s.adem\u00e1s de eso, conozco todos los misterios del marketing, del turismo y del mejor plato de lentejas.El mejor viaje siempre es hacia dentro de mi chaveta, \u00a1gracias Xuan Lan!. Adoro el verdejo, [&hellip;]\" \/>\n<meta property=\"og:url\" content=\"https:\/\/luisitareina.com\/index.php\/quien-soy\/\" \/>\n<meta property=\"og:site_name\" content=\"luisitareina.com\" \/>\n<meta property=\"article:modified_time\" content=\"2021-08-05T09:05:02+00:00\" \/>\n<meta name=\"twitter:card\" content=\"summary_large_image\" \/>\n<meta name=\"twitter:label1\" content=\"Tiempo de lectura\" \/>\n\t<meta name=\"twitter:data1\" content=\"9 minutos\" \/>\n<script type=\"application\/ld+json\" class=\"yoast-schema-graph\">{\"@context\":\"https:\\\/\\\/schema.org\",\"@graph\":[{\"@type\":\"WebPage\",\"@id\":\"https:\\\/\\\/luisitareina.com\\\/index.php\\\/quien-soy\\\/\",\"url\":\"https:\\\/\\\/luisitareina.com\\\/index.php\\\/quien-soy\\\/\",\"name\":\"\u00bfQui\u00e9n soy? - luisitareina.com\",\"isPartOf\":{\"@id\":\"https:\\\/\\\/luisitareina.com\\\/#website\"},\"datePublished\":\"2021-07-26T09:51:35+00:00\",\"dateModified\":\"2021-08-05T09:05:02+00:00\",\"breadcrumb\":{\"@id\":\"https:\\\/\\\/luisitareina.com\\\/index.php\\\/quien-soy\\\/#breadcrumb\"},\"inLanguage\":\"es\",\"potentialAction\":[{\"@type\":\"ReadAction\",\"target\":[\"https:\\\/\\\/luisitareina.com\\\/index.php\\\/quien-soy\\\/\"]}]},{\"@type\":\"BreadcrumbList\",\"@id\":\"https:\\\/\\\/luisitareina.com\\\/index.php\\\/quien-soy\\\/#breadcrumb\",\"itemListElement\":[{\"@type\":\"ListItem\",\"position\":1,\"name\":\"Portada\",\"item\":\"https:\\\/\\\/luisitareina.com\\\/\"},{\"@type\":\"ListItem\",\"position\":2,\"name\":\"\u00bfQui\u00e9n soy?\"}]},{\"@type\":\"WebSite\",\"@id\":\"https:\\\/\\\/luisitareina.com\\\/#website\",\"url\":\"https:\\\/\\\/luisitareina.com\\\/\",\"name\":\"luisitareina.com\",\"description\":\"Just another WordPress site\",\"potentialAction\":[{\"@type\":\"SearchAction\",\"target\":{\"@type\":\"EntryPoint\",\"urlTemplate\":\"https:\\\/\\\/luisitareina.com\\\/?s={search_term_string}\"},\"query-input\":{\"@type\":\"PropertyValueSpecification\",\"valueRequired\":true,\"valueName\":\"search_term_string\"}}],\"inLanguage\":\"es\"}]}<\/script>\n<!-- \/ Yoast SEO plugin. -->","yoast_head_json":{"title":"\u00bfQui\u00e9n soy? - luisitareina.com","robots":{"index":"index","follow":"follow","max-snippet":"max-snippet:-1","max-image-preview":"max-image-preview:large","max-video-preview":"max-video-preview:-1"},"canonical":"https:\/\/luisitareina.com\/index.php\/quien-soy\/","og_locale":"es_ES","og_type":"article","og_title":"\u00bfQui\u00e9n soy? - luisitareina.com","og_description":"SobreMiMe chifla el dise\u00f1o gr\u00e1fico y el teatro, puedo pegarme horas filosofando con mis hermanas de la logia y leyendo Rayuela palante y patr\u00e1s.adem\u00e1s de eso, conozco todos los misterios del marketing, del turismo y del mejor plato de lentejas.El mejor viaje siempre es hacia dentro de mi chaveta, \u00a1gracias Xuan Lan!. Adoro el verdejo, [&hellip;]","og_url":"https:\/\/luisitareina.com\/index.php\/quien-soy\/","og_site_name":"luisitareina.com","article_modified_time":"2021-08-05T09:05:02+00:00","twitter_card":"summary_large_image","twitter_misc":{"Tiempo de lectura":"9 minutos"},"schema":{"@context":"https:\/\/schema.org","@graph":[{"@type":"WebPage","@id":"https:\/\/luisitareina.com\/index.php\/quien-soy\/","url":"https:\/\/luisitareina.com\/index.php\/quien-soy\/","name":"\u00bfQui\u00e9n soy? - luisitareina.com","isPartOf":{"@id":"https:\/\/luisitareina.com\/#website"},"datePublished":"2021-07-26T09:51:35+00:00","dateModified":"2021-08-05T09:05:02+00:00","breadcrumb":{"@id":"https:\/\/luisitareina.com\/index.php\/quien-soy\/#breadcrumb"},"inLanguage":"es","potentialAction":[{"@type":"ReadAction","target":["https:\/\/luisitareina.com\/index.php\/quien-soy\/"]}]},{"@type":"BreadcrumbList","@id":"https:\/\/luisitareina.com\/index.php\/quien-soy\/#breadcrumb","itemListElement":[{"@type":"ListItem","position":1,"name":"Portada","item":"https:\/\/luisitareina.com\/"},{"@type":"ListItem","position":2,"name":"\u00bfQui\u00e9n soy?"}]},{"@type":"WebSite","@id":"https:\/\/luisitareina.com\/#website","url":"https:\/\/luisitareina.com\/","name":"luisitareina.com","description":"Just another WordPress site","potentialAction":[{"@type":"SearchAction","target":{"@type":"EntryPoint","urlTemplate":"https:\/\/luisitareina.com\/?s={search_term_string}"},"query-input":{"@type":"PropertyValueSpecification","valueRequired":true,"valueName":"search_term_string"}}],"inLanguage":"es"}]}},"_links":{"self":[{"href":"https:\/\/luisitareina.com\/index.php\/wp-json\/wp\/v2\/pages\/14","targetHints":{"allow":["GET"]}}],"collection":[{"href":"https:\/\/luisitareina.com\/index.php\/wp-json\/wp\/v2\/pages"}],"about":[{"href":"https:\/\/luisitareina.com\/index.php\/wp-json\/wp\/v2\/types\/page"}],"author":[{"embeddable":true,"href":"https:\/\/luisitareina.com\/index.php\/wp-json\/wp\/v2\/users\/1"}],"replies":[{"embeddable":true,"href":"https:\/\/luisitareina.com\/index.php\/wp-json\/wp\/v2\/comments?post=14"}],"version-history":[{"count":10,"href":"https:\/\/luisitareina.com\/index.php\/wp-json\/wp\/v2\/pages\/14\/revisions"}],"predecessor-version":[{"id":172,"href":"https:\/\/luisitareina.com\/index.php\/wp-json\/wp\/v2\/pages\/14\/revisions\/172"}],"wp:attachment":[{"href":"https:\/\/luisitareina.com\/index.php\/wp-json\/wp\/v2\/media?parent=14"}],"curies":[{"name":"wp","href":"https:\/\/api.w.org\/{rel}","templated":true}]}}